
What is 643 (base 7) in base 3?
110001
What is -11411 (base 5) in base 10?
-856
Convert 4d6 (base 16) to base 15.
578
4b78 (base 16) to base 13
8a42
What is 10000110001 (base 2) in base 16?
431
What is 130302 (base 5) in base 8?
11725
Convert 3604 (base 8) to base 4.
132010
What is -807 (base 9) in base 16?
-28f
What is -b690 (base 12) in base 3?
-1000102000
What is -111002 (base 3) in base 11?
-2a1
-135241 (base 6) to base 15
-3c11
What is -2691 (base 10) in base 14?
-da3
Convert 110010111 (base 2) to base 16.
197
What is -20101 (base 4) in base 15?
-254
Convert -6 (base 12) to base 15.
-6
What is -32 (base 4) in base 7?
-20
16211 (base 10) to base 9
24212
Convert -13042 (base 5) to base 12.
-712
2a58 (base 11) to base 5
111220
-132 (base 12) to base 13
-110
What is -44036 (base 7) in base 15?
-33d8
Convert -10000 (base 3) to base 11.
-74
14d (base 14) to base 6
1121
What is bb6 (base 12) in base 8?
3272
What is 14332 (base 6) in base 5?
33123
3230 (base 12) to base 13
2679
Convert -11222202 (base 3) to base 4.
-320312
Convert -30 (base 14) to base 6.
-110
Convert 24401 (base 7) to base 9.
8658
What is 2b9e (base 15) in base 2?
10010010011110
What is 1111011110001000 (base 2) in base 9?
105828
What is 2c0 (base 14) in base 6?
2332
11763 (base 9) to base 10
7914
Convert 235 (base 9) to base 8.
302
What is 7b50 (base 13) in base 6?
212035
What is -101a3 (base 12) in base 13?
-9738
What is -30567 (base 8) in base 13?
-59c1
What is 1b81 (base 16) in base 7?
26346
-1a3 (base 12) to base 6
-1123
10100 (base 3) to base 2
1011010
Convert -4643 (base 8) to base 16.
-9a3
Convert -63 (base 13) to base 9.
-100
-2204 (base 9) to base 5
-22444
118 (base 14) to base 6
1002
-10232 (base 5) to base 2
-1010110100
252d (base 15) to base 5
223133
What is 22b5 (base 13) in base 11?
3737
37b (base 12) to base 11
43a
Convert -849 (base 10) to base 6.
-3533
Convert -866 (base 9) to base 14.
-388
What is 618 (base 9) in base 6?
2155
7452 (base 15) to base 13
b276
What is -684a (base 12) in base 7?
-45520
Convert -9884 (base 10) to base 8.
-23234
What is -141446 (base 8) in base 15?
-ec08
Convert 243a (base 11) to base 15.
e29
395 (base 10) to base 7
1103
-100330 (base 4) to base 8
-2074
What is 1333 (base 7) in base 10?
514
Convert -1111132 (base 5) to base 3.
-222210210
Convert -cd6 (base 15) to base 13.
-1422
What is 349 (base 12) in base 11?
405
Convert 4124 (base 5) to base 10.
539
What is 30463 (base 7) in base 13?
3508
What is -1021 (base 6) in base 16?
-e5
Convert 3030331 (base 4) to base 2.
11001100111101
Convert 1200110 (base 3) to base 11.
a16
What is 3291 (base 13) in base 10?
7047
What is 222111 (base 3) in base 9?
874
-2b9 (base 14) to base 13
-339
1b1a8 (base 13) to base 8
147453
9704 (base 15) to base 7
162106
What is -335 (base 7) in base 13?
-104
-100234 (base 5) to base 13
-15b9
What is 13234 (base 8) in base 3?
21221101
-1100111111010110 (base 2) to base 4
-30333112
What is 204342 (base 5) in base 11?
5165
1c5 (base 13) to base 5
2310
What is 110101 (base 2) in base 9?
58
What is -672 (base 16) in base 13?
-99c
What is 110020201 (base 3) in base 6?
105201
-4d0b (base 15) to base 3
-211112202
What is 686 (base 12) in base 16?
3c6
-284 (base 11) to base 2
-101001110
Convert -3443 (base 7) to base 6.
-5452
-240 (base 16) to base 11
-484
Convert 18 (base 14) to base 15.
17
What is -616 (base 12) in base 16?
-372
What is 594 (base 10) in base 12?
416
What is 145 (base 16) in base 7?
643
-1143141 (base 5) to base 10
-21671
-10012021 (base 3) to base 7
-6535
What is 405 (base 13) in base 8?
1251
Convert 374 (base 8) to base 9.
310
What is 1023 (base 8) in base 13?
31b
-3029 (base 15) to base 4
-2132310
Convert -525 (base 16) to base 8.
-2445
What is 556 (base 12) in base 10?
786
376 (base 9) to base 11
264
Convert 13133101 (base 4) to base 5.
1440143
8456 (base 11) to base 5
324233
What is 10b91 (base 15) in base 12?
26984
What is -33a (base 11) in base 15?
-1c1
What is -33275 (base 11) in base 3?
-2110011200
-50552 (base 6) to base 13
-307a
Convert 23114 (base 8) to base 10.
9804
33103 (base 4) to base 9
1307
20c (base 13) to base 3
110222
What is 5105 (base 6) in base 11?
92a
Convert 883 (base 10) to base 3.
1012201
Convert -40 (base 14) to base 4.
-320
Convert 11101 (base 4) to base 8.
521
Convert 29 (base 14) to base 9.
41
Convert -537 (base 12) to base 2.
-1011111011
Convert 528 (base 10) to base 3.
201120
Convert -30 (base 5) to base 7.
-21
What is -52405 (base 8) in base 11?
-15397
What is -60772 (base 8) in base 3?
-1021101222
35b7 (base 16) to base 10
13751
What is 56b (base 16) in base 8?
2553
Convert 28d2 (base 15) to base 8.
21053
Convert -30282 (base 12) to base 16.
-f482
20 (base 3) to base 9
6
Convert -112 (base 13) to base 6.
-504
-1466 (base 13) to base 7
-11423
What is 10111010 (base 2) in base 7?
354
Convert 2001212002 (base 3) to base 10.
40718
12 (base 4) to base 9
6
Convert 86 (base 16) to base 5.
1014
-44611 (base 9) to base 15
-8bc1
What is -557 (base 9) in base 8?
-711
Convert -37141 (base 10) to base 4.
-21010111
Convert 89b (base 12) to base 11.
a56
-6819 (base 11) to base 2
-10001100001110
What is 100002112 (base 3) in base 10?
6629
Convert 113443 (base 7) to base 9.
31057
53340 (base 9) to base 5
2112041
Convert -a65 (base 13) to base 12.
-1039
Convert 143 (base 10) to base 8.
217
Convert 554 (base 7) to base 9.
345
Convert -2424331 (base 5) to base 11.
-31287
145a (base 13) to base 6
21352
Convert -122221202 (base 3) to base 2.
-11001100100000
11100000100011 (base 2) to base 6
150311
Convert -dbd (base 15) to base 5.
-44403
What is -144 (base 15) in base 14?
-169
What is a03 (base 12) in base 10?
1443
What is -7ed (base 15) in base 2?
-11100000110
What is 660 (base 10) in base 7?
1632
What is 1387 (base 14) in base 16?
d7b
101000100001010 (base 2) to base 5
1130441
What is 2659 (base 15) in base 12?
48a0
What is 175 (base 13) in base 3?
100211
102000 (base 3) to base 5
2142
What is -4 (base 6) in base 12?
-4
1311 (base 5) to base 7
413
Convert 309 (base 12) to base 3.
121100
What is -11111001 (base 2) in base 9?
-306
Convert -172 (base 15) to base 10.
-332
What is 4058 (base 13) in base 6?
105005
What is 54a (base 16) in base 7?
3643
Convert -a427 (base 12) to base 2.
-100010111011111
What is -4114 (base 6) in base 11?
-758
What is 11122 (base 3) in base 2?
1111101
What is -45371 (base 8) in base 5?
-1103233
Convert -3110122 (base 4) to base 14.
-4d50
Convert -104303 (base 5) to base 13.
-18bb
Convert -503 (base 11) to base 6.
-2452
What is 23201 (base 4) in base 9?
1008
Convert -152533 (base 7) to base 14.
-abc3
70a (base 16) to base 7
5153
What is 3003 (base 12) in base 14?
1c67
What is -42 (base 14) in base 15?
-3d
120222 (base 4) to base 5
22303
-1035 (base 7) to base 14
-1c5
-b768 (base 12) to base 16
-4e80
What is -643 (base 7) in base 16?
-145
What is -1001301 (base 4) in base 15?
-13a9
2033 (base 11) to base 3
10200221
What is -1100101011000011 (base 2) in base 12?
-26057
What is 31202 (base 4) in base 16?
362
What is -10322 (base 5) in base 15?
-327
What is -28b (base 12) in base 15?
-1b5
-209 (base 11) to base 3
-100022
Convert -2049a (base 11) to base 4.
-13102303
Convert -178 (base 15) to base 4.
-11102
What is 112133 (base 5) in base 7?
14534
-19c7 (base 14) to base 16
-124b
505 (base 7) to base 5
2000
100010110100100 (base 2) to base 9
26408
-1103312 (base 4) to base 5
-132431
b2 (base 15) to base 2
10100111
-5c5 (base 13) to base 7
-2635
Convert -3051 (base 9) to base 15.
-9dd
What is -20011112 (base 3) in base 2?
-1000110010000
-103203 (base 4) to base 15
-586
What is 15213 (base 11) in base 13?
9a6b
What is b85 (base 13) in base 7?
5511
Convert -68 (base 15) to base 4.
-1202
What is -fe7e (base 16) in base 3?
-10022100222
-26243 (base 7) to base 5
-210424
What is 18856 (base 10) in base 13?
8776
Convert 7115 (base 15) to base 2.
101110100111110
Convert 396 (base 10) to base 3.
112200
Convert -1122 (base 14) to base 16.
-b9a
What is 3653 (base 10) in base 16?
e45
-40cc (base 15) to base 13
-6303
Convert 16366 (base 8) to base 14.
29b8
-2f7 (base 16) to base 3
-1001010
1597b (base 14) to base 7
313314
Convert 413411 (base 5) to base 4.
3110212
20 (base 4) to base 9
8
-1345 (base 6) to base 11
-2a1
-7136 (